e t(4).
7
Let q(w) = w**3 - 10*w**2 - 14. Suppose 0 = -2*k - a + 25, a - 484 = -479. What is q(k)?
-14
Let w(j) = -j - 3. Let f(x) = -7*x + 4. Let v(h) = f(h) - 6*w(h). Give v(0).
22
Suppose -2*h + 44 = 9*h. Let a(f) = -f**2 + 3*f + 3. What is a(h)?
-1
Let r(o) = -5*o + 2. Let z be r(0). Let a(w) = 3*w + 0*w**2 + 2*w**3 - w**3 - 2 - 5*w**2. Determine a(z).
-8
Let k(f) = 8*f**3 + 1. Let h be (20 + -1)/((-3)/(3 - 6)). Suppose 13*j = h - 6. Give k(j).
9
Let r(t) = 7*t**2 - 3*t - 3. Let s be r(-1). Suppose s*p + 18 = p. Let d(w) = -w - 4. What is d(p)?
-1
Let u(l) = -l. Let x(r) = 3*r. Let k(g) = -7*u(g) - 2*x(g). Let d be k(-3). Let v(n) be the first derivative of n**2/2 + 3*n - 134. Calculate v(d).
0
Suppose -j - c + 4 = 0, -5*c + 30 = 2*j + 7. Let b(m) = -m + 1. Let y(w) = 2*w - 2. Let s = -4 + 11. Let o(k) = s*b(k) + 3*y(k). What is o(j)?
2
Let t = 0 + -6. Let x(o) = o**2 + 12*o + 9. Let c(s) = s. Let a be 4/(-4) - (-1 - 1). Let y(r) = a*x(r) - 4*c(r). Calculate y(t).
-3
Suppose -12*c + 184 - 256 = 0. Let p(d) = -d**3 - 5*d**2 + 2*d - 30. Calculate p(c).
-6
Let j(f) = 24 + 26 - 82 - 3*f**3 + 2*f**2 + 31 + 4*f**3. Give j(1).
2
Let x(g) = -g**2 - 11*g + 2. Let o be x(-11). Let h(d) = 4*d + 1. Let z(v) = -21*v - 5. Let s(t) = o*z(t) + 11*h(t). Let y = -11 + 9. Determine s(y).
-3
Let f(k) = k**3 + 3*k**2 + k - 4. Suppose -5*q - 5*z = -3*z, -5*z = -3*q. Suppose q*o + 6 = o. Suppose 12*t + o = 10*t. Calculate f(t).
-7
Let m(r) = 5*r**3 + 11*r**2 + 6*r + 1. Let j(w) = 11*w**2 - 48 + 50 + 6*w - w**2 + 4*w**3. Let l(v) = 6*j(v) - 5*m(v). Let p = 9 - 3. What is l(p)?
7
Suppose -6*c + 2*c = 0. Suppose -h + 1 + 14 = c. Suppose 3*b - 19 = 4*f, 7*f - 2*b + h = 2*f. Let g(w) = -9*w - 1. Determine g(f).
8
Let y(s) = 2*s**2 - 11*s**2 + 7 + 5*s**2 + 5*s**2 - 6 + 6*s. Let o be (34 - 0)*(-1)/2. Let h = o + 12. Calculate y(h).
-4
Let y(p) be the first derivative of p**3/3 - p**2/2 + 8. Let x(u) = 2*u**2 + 3*u - 1. Let t(h) = -x(h) + y(h). What is t(-5)?
-4
Let q(p) = 4*p - 16. Let i be q(5). Suppose -i*o = -3 - 9. Let a(x) be the third derivative of x**5/30 - x**4/24 - x**3/2 - x**2. Calculate a(o).
12
Let u(w) = -w**3 - w**2 + 2*w - 1. Let f = -157 - -153. Calculate u(f).
39
Let h(i) be the third derivative of i**7/2520 + i**6/240 + i**5/24 - i**4/4 - 6*i**2. Let q(r) be the second derivative of h(r). What is q(-4)?
9
Let x(r) = -r**3 + 7*r**2 - 6*r - 5. Suppose -3*s = -18*v + 13*v - 5, -2*s = -5*v. What is x(s)?
15
Let z(s) = -s**3 + 5*s**2 + s + 5. Let m be z(5). Suppose -f - f + m = 0. Suppose -f*k - 15 = -2*k. Let n(i) = i**3 + 4*i**2 - 5*i + 5. Determine n(k).
5
Let t(s) = s**3 + 7*s**2 + 4*s - 2. Let v be (40/(-50))/(0 - (-4)/10). Let m be 6/(1 - (v + 4)). Give t(m).
10
Let y = 15 + -14. Let q be (0 + y)/((-10)/(-50)). Let k(j) = 3 + 2*j + 27*j**2 - q - 10*j - 28*j**2. Give k(-6).
10
Let b be -7 - (-5 - (-3 - 3)). Let h(v) = -v**3 - 7*v**2 + 11*v + 19. Calculate h(b).
-5
Let j(d) = 27*d - 53*d + 29*d + 13*d - 1. Determine j(1).
15
Let n(b) = 2*b - 10*b + 5 + 9*b + b. Calculate n(4).
13
Let y be (-1 - 3/(-2))*10. Let i(z) be the third derivative of -z**6/120 + z**5/12 - z**3/2 + 89*z**2. What is i(y)?
-3
Let m(b) = -2*b. Suppose -3*a = 2*a - 20. Suppose -12 = r - 5*z - 3, 4*r + a = 4*z. Let f = 4 + r. What is m(f)?
-10
Let x(z) be the first derivative of -z**4/4 - z**3 + 2*z**2 - 5*z - 95. What is x(-4)?
-5
Let t(n) = n**2 - 3*n - 1. Let k be 1/(-4) + (-50)/(-40) + -60. Let m = 63 + k. Give t(m).
3
Let w = 85 - 61. Suppose -4*d - 2 = 2*y, 2*y - 2*d = -2*y - w. Let r(v) = -2*v - 5. What is r(y)?
5
Suppose 0 = -110*m + 112*m + 2*d + 40, 0 = -2*m - 5*d - 49. Let j(o) = -o**2 - 16*o + 10. Give j(m).
-7
Suppose 3*x + 4*k = 7*x + 36, -11 = x - 2*k. Let y be 40/x - -8*(-6)/168. Let l(r) = -r**2 - 4*r + 2. What is l(y)?
-10
Let i(d) = -d**3 - 5*d**2 + 7*d + 4. Let t = -23 - 9. Let c = -33 - -7. Let m = t - c. What is i(m)?
-2
Let c = 61 - 45. Let g be (-2)/(-8) - (-44)/c. Let w(y) be the third derivative of -y**4/24 - y**3/2 - y**2. What is w(g)?
-6
Let c(o) = -3*o - 7. Let w(p) = 10*p + 17. Let x(g) = -10*g - 16. Let z(l) = -4*w(l) - 3*x(l). Let j(m) = 16*c(m) - 5*z(m). Determine j(8).
4
Let d(b) = 1 - 3*b**2 - 3*b**2 + 6*b**2 + 0 + 8*b - 2*b**2. What is d(4)?
1
Let q(a) be the second derivative of a**6/360 + 7*a**5/120 + a**4/6 - 6*a**3 + 8*a. Let b(w) be the second derivative of q(w). What is b(-4)?
-8
Let v(f) be the first derivative of -5/2*f**2 - 6*f - 1/3*f**3 + 25. Let u(r) = r**3 + 5*r**2 - 5*r + 2. Let w be u(-6). What is v(w)?
-2
Let r(k) = -k**3 - 3*k**2 - 2*k - 2. Let j(s) = -s**3 + 5*s**2 - 2*s + 4. Let x be j(4). Let l be ((-6)/x)/((-2)/8). Suppose -l*d = 4 - 0. Calculate r(d).
-2
Let n(m) = m + 26. Let u be n(-12). Suppose u = -q - q. Let z(t) = t**3 + 6*t**2 - 8*t - 6. What is z(q)?
1
Let v = 4 + 0. Let m(b) be the first derivative of -6 - 7/2*b**2 + 5*b + 5/3*b**3 - 1/4*b**4. Give m(v).
-7
Suppose 3*v = 3*r + 3, 0 = -5*v - 21 + 11. Let a(b) = 11*b - 5. Calculate a(r).
-38
Let h(g) = -15*g**2 + g**3 + 11*g - 7*g + 19*g**2 + 2. Let o(n) = -n. Let l be (-57)/(-21) + (-8)/(-28). Let s be o(l). Determine h(s).
-1
Let g(o) = -4*o**3 + 8*o**2 - 9*o + 4 + 0 + 0 + 3*o**3. Determine g(6).
22
Suppose 4*d = d + 15. Suppose 0 = v - 0*v - 4*k + 1, k + d = v. Let n(y) = -y**2 + 7*y - 9. What is n(v)?
-9
Let u = -3 + 5. Let o(i) be the second derivative of -i**3/2 - i**2 + 40*i + 1. Give o(u).
-8
Let v(x) = x. Let l(w) = 4*w + 1. Suppose -h + 5*h - 20 = 0. Let z be (-2)/8 - h/(-4). Let i(s) = z*l(s) - 2*v(s). Calculate i(-5).
-9
Let x(y) = 11*y - 13. Let j(v) = 7*v - 6. Let g(o) = -5*j(o) + 3*x(o). Give g(11).
-31
Let b(u) = u**2 + 4*u + 6. Let g(n) = n**3 - 2*n**2 + 9*n - 14. Let p be g(3). Let l(m) = m**3 - 21*m**2 - 22*m - 4. Let a be l(p). Calculate b(a).
6
Suppose 24 = 16*m - 12*m. Let z(w) = 3*w - 14 - 2*w + 15 - 2*w. Calculate z(m).
-5
Let k(d) = 4*d - 5*d + 4*d - d - 3*d - 16. Give k(-11).
-5
Let t(x) = -3*x + 6. Let y be t(1). Let o(w) be the second derivative of w**5/20 - w**4/12 - w**3/6 - 3*w**2/2 + 2*w. Calculate o(y).
12
Let h(d) be the second derivative of d**3/3 - d**2 - 58*d. Give h(5).
8
Let b(f) = -f**2 + 6*f + 7. Let x = -53 - -99. Suppose 0 = -5*d + x - 16. What is b(d)?
7
Let k(v) = -v**3 + 2*v**2 + 3*v + 2. Let n = 36 + -12. Let l = n + -21. Give k(l).
2
Suppose u + 4*f = -22, 2*u + 12 + 20 = -5*f. Let q(o) = o**2 + 4*o + 4. Let y(r) = -2*r**2 - 9*r - 9. Let n(s) = -5*q(s) - 3*y(s). Give n(u).
1
Suppose i = -3*r + 2*r + 9, 3*i - 1 = -r. Let x(g) = -r - 2*g - g + 4*g. Let m = 349 - 343. Give x(m).
-7
Suppose -2*s - s = 6. Let d be -3*(-20)/12 - s. Let i(l) = 5*l - 6. Let f(y) = -12*y + 13. Let n(k) = -3*f(k) - 7*i(k). What is n(d)?
10
Let k(t) = -2*t - 2*t - 1 + 6*t. Let n(w) = -2*w**3 + 7*w**2 + w - 2. Let y be n(3). Let d be 8/y*5/(-2). Determine k(d).
-5
Let j be 1/2 + (-5)/(-10). Let h be (j/3)/((-1)/(-12)). Let g(i) be the first derivative of i**4/4 - 5*i**3/3 + i**2/2 + 5*i - 1. Calculate g(h).
-7
Let z(t) = -14*t**3 + 3*t**2 + 17*t - 17. Let i(g) = -5*g**3 + g**2 + 6*g - 6. Let o(v) = 11*i(v) - 4*z(v). Suppose 38*u - 49 - 65 = 0. Give o(u).
14
Let p(y) be the first derivative of y**4/4 - 7*y**3/3 + 2*y**2 - 5*y + 205. Give p(6).
-17
Let o(n) be the third derivative of n**7/2520 - n**6/180 - n**5/20 + 3*n**4/8 + 13*n**2. Let r(l) be the second derivative of o(l). Calculate r(6).
6
Suppose -1 = l - 16. Let t(b) = b - 15. Let d be t(l). Let o(w) = w - 1. Calculate o(d).
-1
Let s(g) = g**2 - 4*g - 4. Suppose 0 = 4*h + 7 - 3. Let w be -4 - h - (-16)/2. Give s(w).
1
Suppose -i - 1 = 5*z, -z - 3*z - 2*i = -4. Suppose -2*p + 4 = -0*p. Let n(l) = -2*l + 6*l - p + 3 - 2. Give n(z).
-5
Suppose 17 - 41 = -3*i. Let w = i + -6. Let a(x) = -64*x - 3*x**2 + 2 - 1 + 65*x. What is a(w)?
-9
Let i = -92 - -115. Suppose -19*b + i*b = -24. Let z(d) = -d**3 - 6*d**2 - 3*d - 8. What is z(b)?
10
Let f(b) = 8*b + 16. Suppose -3*a - 15 = -95*s + 93*s, -a - 4*s = -9. Calculate f(a).
-8
Let o(t) = -12*t**2 - 16*t + 20. Let k(p) = -5*p**2 - 8*p + 9. Let f(a) = 7*k(a) - 3*o(a). Determine f(2).
-9
Suppose -17*j = -18*j + 48. Suppose 8*s - j = 2*s. Let q(y) = y**2 - 8*y + 6. Give q(s).
6
Let s(b) = b**2 + 10*b - 14. Let i be ((-720)/(-210))/(4/(-14)). Determine s